rs of 890239046.
2, 445119523
What are the prime factors of 2235872050?
2, 5, 211, 211931
What are the prime factors of 3215720954?
2, 31, 51866467
What are the prime factors of 100785312?
2, 3, 349949
What are the prime factors of 6171716?
2, 349, 4421
List the prime factors of 2577043098.
2, 3, 7, 20452723
What are the prime factors of 33859258?
2, 16929629
What are the prime factors of 53899313?
13, 29, 142969
List the prime factors of 195507394.
2, 241, 587, 691
List the prime factors of 862596717.
3, 643, 447173
List the prime factors of 41942855.
5, 8388571
What are the prime factors of 1498846306?
2, 749423153
What are the prime factors of 2304095678?
2, 17627, 65357
What are the prime factors of 52970021?
13, 61, 66797
List the prime factors of 2433540630.
2, 3, 5, 461, 175961
What are the prime factors of 72667990?
2, 5, 41, 177239
What are the prime factors of 468446771?
13, 41, 83, 10589
What are the prime factors of 607075596?
2, 3, 16863211
What are the prime factors of 486213131?
486213131
What are the prime factors of 678350705?
5, 137, 990293
List the prime factors of 128039532.
2, 3, 10669961
What are the prime factors of 613461088?
2, 19170659
List the prime factors of 1407142294.
2, 703571147
What are the prime factors of 112913615?
5, 83, 157, 1733
What are the prime factors of 18894418?
2, 1723, 5483
What are the prime factors of 1372258181?
7, 28005269
List the prime factors of 149604215.
5, 1283, 23321
What are the prime factors of 2875238487?
3, 11, 23, 1262731
What are the prime factors of 2920071893?
5297, 551269
List the prime factors of 6411811459.
19, 643, 524827
List the prime factors of 37851084.
2, 3, 73, 4801
What are the prime factors of 3581485148?
2, 895371287
What are the prime factors of 41703849?
3, 11, 140417
What are the prime factors of 29928791?
1193, 25087
What are the prime factors of 5062190015?
5, 373, 2714311
What are the prime factors of 3573763790?
2, 5, 1489, 240011
List the prime factors of 215617843.
7, 1021, 30169
What are the prime factors of 2391893?
7, 191, 1789
What are the prime factors of 24680382?
2, 3, 83, 49559
What are the prime factors of 2226247809?
3, 23, 733, 44017
What are the prime factors of 1066722681?
3, 17, 19, 23, 2081
What are the prime factors of 14189605?
5, 983, 2887
List the prime factors of 351060810.
2, 3, 5, 37, 316271
List the prime factors of 363449299.
151, 173, 13913
List the prime factors of 1054261674.
2, 3, 641, 91373
List the prime factors of 796395490.
2, 5, 11, 53, 136603
What are the prime factors of 167048394?
2, 3, 27841399
List the prime factors of 39602282.
2, 17, 541, 2153
List the prime factors of 247547614.
2, 123773807
List the prime factors of 115864065.
3, 5, 2574757
What are the prime factors of 281081681?
31, 317, 28603
List the prime factors of 1151949475.
5, 6367, 7237
What are the prime factors of 131418713?
7589, 17317
What are the prime factors of 294986677?
41, 373, 19289
What are the prime factors of 155106952?
2, 7, 11, 13, 2767
List the prime factors of 516929007.
3, 7, 24615667
What are the prime factors of 163347004?
2, 2591, 15761
What are the prime factors of 2432252419?
937, 2595787
What are the prime factors of 2672414791?
2672414791
List the prime factors of 2392408182.
2, 3, 12227, 32611
What are the prime factors of 266624495?
5, 5297, 10067
List the prime factors of 89791044.
2, 3, 7, 1068941
What are the prime factors of 6029176312?
2, 753647039
What are the prime factors of 21671045?
5, 11, 394019
List the prime factors of 526173979.
526173979
List the prime factors of 1473388900.
2, 5, 47, 227, 1381
List the prime factors of 83905790.
2, 5, 2141, 3919
What are the prime factors of 32692326?
2, 3, 17, 320513
List the prime factors of 2180077196.
2, 11, 53, 934853
List the prime factors of 71359859.
241, 296099
What are the prime factors of 172274102?
2, 7, 11, 13, 19, 647
List the prime factors of 353253768.
2, 3, 7, 59, 157, 227
What are the prime factors of 164889453?
3, 54963151
What are the prime factors of 3372895707?
3, 101, 11131669
What are the prime factors of 2723273?
7, 149, 373
List the prime factors of 700427959.
7, 11, 1249, 7283
What are the prime factors of 446105580?
2, 3, 5, 7435093
List the prime factors of 155195713.
53, 191, 15331
What are the prime factors of 106760662?
2, 89, 599779
List the prime factors of 1565345345.
5, 313069069
List the prime factors of 640391931.
3, 71154659
What are the prime factors of 162760861?
162760861
List the prime factors of 1830107530.
2, 5, 183010753
What are the prime factors of 14037748?
2, 3509437
What are the prime factors of 32055038?
2, 43, 372733
List the prime factors of 528197682.
2, 3, 19, 53, 87421
What are the prime factors of 228070954?
2, 114035477
What are the prime factors of 563298?
2, 3, 223, 421
List the prime factors of 63432028.
2, 11, 1441637
List the prime factors of 498335866.
2, 7, 35595419
What are the prime factors of 229502039?
13, 3259, 5417
List the prime factors of 95378959.
13, 17, 53, 479
What are the prime factors of 1810666029?
3, 149, 757, 5351
List the prime factors of 2330724794.
2, 19, 37, 1657699
List the prime factors of 2897344731.
3, 17, 29, 311, 6299
What are the prime factors of 86146525?
5, 1187, 2903
What are the prime factors of 1092945704?
2, 136618213
What are the prime factors of 2299334030?
2, 5, 7, 1511, 21739
List the prime factors of 33504422.
2, 7, 23, 67, 1553
List the prime factors of 11904668.
2, 79, 101, 373
What are the prime factors of 3696648744?
2, 3, 154027031
List the prime factors of 75608674.
2, 41, 922057
What are the prime factors of 1881530954?
2, 940765477
List the prime factors of 456410028.
2, 3, 83, 5521
What are the prime factors of 2349585?
3, 5, 7, 7459
List the prime factors of 2049264990.
2, 3, 5, 29, 785159
What are the prime factors of 1230383616?
2, 3, 7, 11, 101, 103
What are the prime factors of 242260211?
179, 379, 3571
List the prime factors of 804335860.
2, 5, 659, 61027
List the prime factors of 8182508.
2, 17, 120331
List the prime factors of 2092565114.
2, 19, 47, 79, 14831
List the prime factors of 25648371.
3, 7, 443, 919
What are the prime factors of 81499267?
41, 71, 27997
List the prime factors of 1207927528.
2, 487, 310043
What are the prime factors of 21764329?
19, 60289
List the prime factors of 768332948.
2, 41, 4684957
List the prime factors of 16138516.
2, 4034629
List the prime factors of 39577588.
2, 89, 107, 1039
List the prime factors of 493914122.
2, 13, 877, 21661
List the prime factors of 4708145753.
4708145753
What are the prime factors of 632084?
2, 29, 5449
What are the prime factors of 58583784?
2, 3, 7, 107, 3259
List the prime factors of 3113822877.
3, 11, 367, 257107
What are the prime factors of 76703510?
2, 5, 13, 590027
What are the prime factors of 141381044?
2, 7, 17, 297019
List the prime factors of 80494747.
1453, 55399
List the prime factors of 784364804.
2, 337, 581873
What are the prime factors of 1391751269?
67, 2179, 9533
List the prime factors of 473447194.
2, 11, 73, 294799
List the prime factors of 75846095.
5, 13, 17, 68639
List the prime factors of 125865868.
2, 821, 38327
What are the prime factors of 554498505?
3, 5, 11, 211, 5309
List the prime factors of 725777154.
2, 3, 109, 369917
What are the prime factors of 3315647047?
157, 21118771
What are the prime factors of 8249637342?
2, 3, 167, 8233171
List the prime factors of 73450786.
2, 1307, 28099
What are the prime factors of 649137430?
2, 5, 967, 67129
List the prime factors of 280411583.
17, 107, 154157
List the prime factors of 882849355.
5, 17, 53, 195971
What are the prime factors of 484810730?
2, 5, 48481073
What are the prime factors of 274539994?
2, 421, 326057
List the prime factors of 165539777.
13, 419, 30391
What are the prime factors of 447409021?
447409021
What are the prime factors of 360742533?
3, 17, 7073383
What are the prime factors of 3515435653?
41, 89, 963397
What are the prime factors of 291930390?
2, 3, 5, 67, 48413
What are the prime factors of 66360345?
3, 5, 41, 107903
What are the prime factors of 1045455337?
67, 577, 27043
What are the prime factors of 1704904046?
2, 13049, 65327
What are the prime factors of 9198629?
11, 836239
What are the pr